rue
Is 41 a factor of 3427?
False
Does 76 divide 900?
False
Is 15852 a multiple of 10?
False
Is 11 a factor of 2838?
True
Is 101 a factor of 606?
True
Does 25 divide 6275?
True
Is 45504 a multiple of 67?
False
Is 1519 a multiple of 21?
False
Is 1848 a multiple of 9?
False
Is 95647 a multiple of 283?
False
Is 1250 a multiple of 25?
True
Does 11 divide 637?
False
Does 21 divide 8547?
True
Does 28 divide 301?
False
Is 30216 a multiple of 12?
True
Is 53 a factor of 636?
True
Is 85 a factor of 1530?
True
Is 5903 a multiple of 76?
False
Is 38 a factor of 3782?
False
Is 52 a factor of 4628?
True
Does 14 divide 158774?
True
Is 260 a multiple of 11?
False
Does 50 divide 7051?
False
Is 2 a factor of 1348?
True
Is 75675 a multiple of 7?
False
Is 31 a factor of 1302?
True
Is 15 a factor of 116100?
True
Is 1249 a multiple of 4?
False
Does 33 divide 627?
True
Does 3 divide 420?
True
Is 5 a factor of 720?
True
Is 1552 a multiple of 16?
True
Is 45058 a multiple of 63?
False
Is 66 a multiple of 11?
True
Does 115 divide 460?
True
Does 5 divide 60?
True
Does 210 divide 7366?
False
Does 19 divide 477?
False
Does 28 divide 22036?
True
Does 5 divide 3127?
False
Is 32 a factor of 7648?
True
Is 36 a factor of 6001?
False
Is 9 a factor of 612?
True
Is 75040 a multiple of 268?
True
Does 68 divide 1659?
False
Is 16 a multiple of 6?
False
Is 28793 a multiple of 24?
False
Is 8 a factor of 3392?
True
Does 4 divide 36285?
False
Is 5 a factor of 11580?
True
Is 6 a factor of 496?
False
Is 20 a factor of 4384?
False
Does 14 divide 1134?
True
Is 17 a factor of 87545?
False
Is 588 a multiple of 28?
True
Does 110 divide 3042?
False
Is 8 a factor of 500?
False
Is 22 a factor of 533?
False
Is 2280 a multiple of 40?
True
Is 650 a multiple of 25?
True
Is 19 a factor of 30533?
True
Is 9528 a multiple of 404?
False
Is 25783 a multiple of 19?
True
Does 28 divide 1288?
True
Does 37 divide 629?
True
Does 18 divide 2398?
False
Does 22 divide 880?
True
Is 4431 a multiple of 25?
False
Is 56 a factor of 7828?
False
Is 136 a multiple of 17?
True
Is 4 a factor of 356?
True
Does 25 divide 1375?
True
Does 93 divide 651?
True
Is 32 a factor of 73?
False
Is 186 a factor of 16819?
False
Is 75 a factor of 9258?
False
Is 390 a multiple of 13?
True
Is 14 a factor of 4473?
False
Does 15 divide 346?
False
Does 4 divide 3568?
True
Is 31 a factor of 2581?
False
Is 57 a factor of 5493?
False
Is 8475 a multiple of 25?
True
Is 18 a multiple of 4?
False
Is 7520 a multiple of 19?
False
Is 144 a multiple of 24?
True
Does 67 divide 1110?
False
Is 126 a factor of 4032?
True
Does 5 divide 1387?
False
Is 194 a factor of 17253?
False
Is 92 a multiple of 23?
True
Is 166 a factor of 42994?
True
Does 16 divide 1141?
False
Is 315 a multiple of 5?
True
Does 18 divide 3240?
True
Is 6 a factor of 192?
True
Is 9 a factor of 3079?
False
Does 24 divide 17024?
False
Is 38 a factor of 52972?
True
Is 37 a factor of 46213?
True
Is 23709 a multiple of 13?
False
Is 10 a factor of 190?
True
Does 110 divide 5696?
False
Is 24 a factor of 3610?
False
Is 99 a factor of 73062?
True
Is 323 a multiple of 6?
False
Does 53 divide 4399?
True
Is 31 a multiple of 17?
False
Does 8 divide 1567?
False
Is 7 a factor of 595?
True
Does 47 divide 6721?
True
Is 3085 a multiple of 27?
False
Is 8 a factor of 9422?
False
Does 8 divide 8377?
False
Is 205 a factor of 12095?
True
Is 1058 a multiple of 23?
True
Does 79 divide 160?
False
Is 86700 a multiple of 204?
True
Is 7 a factor of 8996?
False
Is 14 a factor of 578?
False
Is 19 a factor of 760?
True
Is 8 a factor of 2624?
True
Is 13 a factor of 3082?
False
Is 2508 a multiple of 66?
True
Does 22 divide 1100?
True
Is 31 a factor of 11865?
False
Is 1176 a multiple of 138?
False
Does 10 divide 478?
False
Does 35 divide 9377?
False
Does 13 divide 2808?
True
Is 24 a factor of 4032?
True
Is 22 a factor of 3633?
False
Is 22 a factor of 24596?
True
Does 15 divide 345?
True
Is 204 a multiple of 17?
True
Is 1289 a multiple of 16?
False
Does 59 divide 753?
False
Is 1623 a multiple of 29?
False
Is 65 a factor of 1235?
True
Is 5280 a multiple of 11?
True
Does 13 divide 24200?
False
Does 20 divide 4720?
True
Does 84 divide 21084?
True
Is 239 a multiple of 14?
False
Is 1938 a multiple of 17?
True
Is 10 a factor of 1500?
True
Does 99 divide 431?
False
Does 9 divide 1917?
True
Does 299 divide 76302?
False
Is 66893 a multiple of 41?
False
Is 8 a factor of 148?
False
Is 81 a multiple of 27?
True
Does 21 divide 1806?
True
Is 9 a factor of 684?
True
Is 571 a multiple of 36?
False
Is 138 a factor of 5796?
True
Does 17 divide 8347?
True
Does 18 divide 52685?
False
Does 14 divide 3430?
True
Does 53 divide 1060?
True
Is 9996 a multiple of 21?
True
Is 204 a factor of 29784?
True
Is 1219 a multiple of 53?
True
Does 7 divide 2828?
True
Is 200 a multiple of 16?
False
Is 7 a factor of 488?
False
Is 30 a factor of 9870?
True
Is 504 a multiple of 9?
True
Is 13 a factor of 65?
True
Does 115 divide 7935?
True
Is 38 a factor of 2394?
True
Is 11 a factor of 11715?
True
Is 159 a multiple of 10?
False
Does 8 divide 287?
False
Is 21930 a multiple of 258?
True
Is 48 a factor of 17995?
False
Is 3309 a multiple of 92?
False
Is 997 a multiple of 12?
False
Does 103 divide 90537?
True
Is 690 a multiple of 10?
True
Is 18 a factor of 414?
True
Is 28390 a multiple of 145?
False
Does 72 divide 32688?
True
Is 72765 a multiple of 168?
False
Is 143 a factor of 6898?
False
Is 172 a factor of 35498?
False
Is 33 a factor of 1767?
False
Is 1214 a multiple of 23?
False
Does 20 divide 13900?
True
Does 37 divide 5479?
False
Is 120 a factor of 48142?
False
Is 381 a multiple of 61?
False
Is 27 a factor of 8856?
True
Is 15 a factor of 3031?
False
Is 165 a factor of 21780?
True
Does 30 divide 345?
False
Is 204 a multiple of 10?
False
Is 21074 a multiple of 82?
True
Is 39 a factor of 351?
True
Does 22 divide 1472?
False
Is 12712 a multiple of 39?
False
Is 114630 a multiple of 21?
False
Is 58 a multiple of 7?
False
Is 2474 a multiple of 30?
False
Is 8 a factor of 1864?
True
Is 68 a factor of 38960?
False
Is 6101 a multiple of 7?
False
Does 25 divide 1472?
False
Does 4 divide 640?
True
Is 7 a factor of 211?
False
Is 3 a factor of 45?
True
Is 19 a factor of 3439?
True
Does 26 divide 28444?
True
Is 28519 a multiple of 65?
False
Is 75614 a multiple of 154?
True
Does 11 divide 121?
True
Is 43313 a multiple of 52?
False
Does 273 divide 5460?
True
Does 16 divide 894?
False
Does 26 divide 25437?
False
Is 261 a multiple of 9?
True
Is 44 a factor of 396?
True
Is 118 a multiple of 5?
False
Does 3 divide 52?
False
Is 29 a factor of 6390?
False
Is 11 a multiple of 6?
False
Is 19 a factor of 532?
True
Is 9 a factor of 26050?
False
Does 105 divide 5670?
True
Is 13 a factor of 955?
False
Does 14 divide 11130?
True
Is 93 a factor of 7068?
True
Does 3 divide 115?
False
Is 46 a factor of 21942?
True
Does 16 divide 590?
False
Does 16 divide 25585?
False
Is 20 a factor of 383?
False
Is 3 a factor of 300?
True
Is 7 a factor of 4452?
True
Is 23 a factor of 202?
False
Is 7 a factor of 266?
True
Is 15 a factor of 14205?
True
Is 218 a multiple of 9?
False
Is 150 a factor of 4650?
True
Is 11568 a multiple of 10?
False
Does 8 divide 16984?
True
Is 15181 a multiple of 17?
True
Does 24 divide 1130?
False
Is 3 a factor of 7774?
False
Is 39424 a multiple of 77?
True
Is 5 a factor of 2202?
False
Is 198 a multiple of 33?
True
Is 600 a multiple of 75?
True
Is 34 a factor of 45424?
True
Is 29 a factor of 8961?
True
Is 21840 a multiple of 29?
False
Is 14 a factor of 280?
True
Does 5 divide 95?
True
Is 7155 a multiple of 27?
True
Is 13 a factor of 2825?
False
Does 17 divide 1769?
False
Does 12 divide 56736?
True
Is 20 a multiple of 10?
True
Does 42 divide 1260?
True
Does 9 divide 100?
False
Does 70 divide 54420?
False
Is 3 a factor of 15597?
True
Does 60 divide 14196?
False
Is 1454 a multiple of 13?
False
Is 2820 a multiple of 141?
True
Is 455 a multiple of 7?
True
Is 650 a multiple of 26?
True
Is 1146 a multiple of 18?
False
Is 29 a factor of 78243?
False
Does 93 divide 1116?
True
Does 21 divide 1650?
False
Is 471 a multiple of 3?
True
Does 2 divide 164?
True
Is 10225 a multiple of 25?
True
Is 2 a factor of 5364?
True
Is 394 a multiple of 8?
False
Is 64 a factor of 1148?
False
Does 30 divide 26830?
Fal